t w(h) = -6*h**2 - 2*h + 4. Determine w(-4).
-84
Let k(r) = 6*r + 8. What is k(-2)?
-4
Let o(t) = t**3 + 33*t**2 + 61*t - 30. What is o(-31)?
1
Let z(i) = -11*i + 7. Give z(0).
7
Let v(w) = -w**3 + 3*w**2 - w + 11. What is v(5)?
-44
Let t(n) = -2*n**2 - 92*n + 89. Determine t(-47).
-5
Let v(j) = -16*j + 75. Calculate v(6).
-21
Let g(z) = 4*z**3 + 2*z - 1. Give g(1).
5
Let u(w) = w**2 + 3*w - 25. Determine u(-6).
-7
Let p(w) = 2*w**3 - 29*w**2 + 15*w - 30. What is p(14)?
-16
Let d(g) = 4*g**2 + g - 1. Determine d(0).
-1
Let q(j) = 2*j**3 + j**2 - 2*j + 1. Calculate q(2).
17
Let j(q) = q**2 - 13*q + 17. What is j(11)?
-5
Let v(n) = -n + 9. What is v(-6)?
15
Let t(z) = -2*z - 29. Calculate t(-6).
-17
Let k(t) = -2*t - 15. Give k(-4).
-7
Let q(u) = -u + 17. Give q(5).
12
Let r(p) = 21*p - 1. Calculate r(-1).
-22
Let f(s) = 111*s + 117. What is f(-1)?
6
Let o(a) = 10*a + 11. Give o(-2).
-9
Let m(p) = -p**3 - 12*p**2 - 10*p - 3. Determine m(-11).
-14
Let i(p) = p - 23. What is i(7)?
-16
Let x(f) = f**2 + 6*f - 23. Determine x(-9).
4
Let u(z) = -2*z + 32. Determine u(11).
10
Let v(o) = 15*o - 16. Determine v(-6).
-106
Let d(p) = -p**3 + 17*p**2 - 13*p + 23. What is d(16)?
71
Let y(w) = 2*w - 17. Determine y(10).
3
Let g(c) = -2*c**3 - 17*c**2 - 6*c + 7. Give g(-8).
-9
Let t(i) = 7*i - 195. Calculate t(31).
22
Let m(d) = d**3 + 4*d**2 + 2. Calculate m(-5).
-23
Let r(v) = -v**2 - 25*v - 84. Calculate r(-21).
0
Let l(t) = -4*t + 5. What is l(8)?
-27
Let u(g) = -g**3 + 8*g**2 - 15*g + 5. Give u(6).
-13
Let s(r) = r**3 + 9*r**2 - 5*r + 55. Determine s(-10).
5
Let t(f) = 2*f + 41. What is t(-13)?
15
Let r(a) = -2*a**2 - 3*a - 9. Calculate r(-3).
-18
Let t(p) = -4*p + 10. What is t(4)?
-6
Let a(f) = f**3 - 5*f**2 - 8*f + 9. Calculate a(6).
-3
Let n(b) = -b**3 + 8*b**2 + 2*b + 1. Give n(8).
17
Let l(t) = 19*t + 19. Give l(-5).
-76
Let h(d) = d**3 + 9*d**2 + 3*d - 10. What is h(-8)?
30
Let j(o) = -o + 22. Give j(-20).
42
Let m(s) = -s**3 + 7*s**2 - 13*s + 8. Give m(3).
5
Let v(g) = -3*g**2 + 12*g - 11. What is v(1)?
-2
Let p(f) = 19*f + 880. Calculate p(-46).
6
Let a(d) = -d**3 + 5*d**2 - 4. Calculate a(5).
-4
Let w(r) = r**2 + 16*r + 13. Give w(-15).
-2
Let c(k) = -2*k + 5. Determine c(6).
-7
Let k(y) = -y**3 + 13*y**2 - 39*y + 40. Calculate k(9).
13
Let x(q) = -q**2 + 2*q + 5. Give x(7).
-30
Let c(b) = b**2 + b. What is c(-2)?
2
Let p(d) = -2*d**2 - d + 6. Give p(-3).
-9
Let o(j) = -4*j**2 + 8*j + 2. Determine o(0).
2
Let a(t) = -t**3 - 5*t**2 + 2*t - 7. What is a(-7)?
77
Let v(c) = -c - 3. Give v(-3).
0
Let c(m) = m + 6. Calculate c(14).
20
Let d(y) = -5*y + 38. Calculate d(8).
-2
Let n(g) = g**2 + g + 4. Determine n(0).
4
Let m(k) = -k**2 + 21*k - 14. Calculate m(20).
6
Let b(k) = -k**3 + 4*k**2 - 5*k + 3. What is b(2)?
1
Let k(l) = l**3 + 9*l**2 - 37*l - 15. Determine k(-12).
-3
Let c(k) = 37*k**2 - 148*k - 2. Determine c(4).
-2
Let i(y) = -4*y**2 - 2*y - 2. Determine i(-2).
-14
Let s(w) = -3*w + 49. Determine s(18).
-5
Let s(m) = -19*m + 3. What is s(-3)?
60
Let f(p) = -p**3 - 5*p**2 - 6*p. What is f(-3)?
0
Let o(w) = -16*w - 119. Give o(-8).
9
Let v(l) = l**2 - 98. Calculate v(10).
2
Let a(t) = 4*t**2 + 105*t + 24. Give a(-26).
-2
Let x(s) = -s + 12. Calculate x(7).
5
Let p(a) = a**3 - 9*a**2 + a - 11. Calculate p(9).
-2
Let x(z) = z**3 - 4*z**2 - 2*z - 6. What is x(5)?
9
Let h(p) = p - 3. What is h(-5)?
-8
Let n(k) = k**3 - 20*k**2 + 29. What is n(20)?
29
Let p(i) = 3*i - 14. Give p(11).
19
Let z(h) = -35*h + 37. Calculate z(1).
2
Let i(m) = m**2 + m - 14. Calculate i(0).
-14
Let n(r) = r**2 + 5*r - 5. Give n(-6).
1
Let f(j) = j**3 + 2*j**2 - 3*j + 6. Give f(-4).
-14
Let g(i) = -i**2 + 14*i - 9. Determine g(13).
4
Let g(q) = -q**3 + 9*q**2 - 4*q + 1. What is g(8)?
33
Let o(v) = 21*v + 135. Determine o(-6).
9
Let s(z) = 7*z**2 - 8*z + 3. Calculate s(3).
42
Let j(c) = 98*c - 403. Calculate j(4).
-11
Let v(j) = -j**2 + j - 9. Give v(4).
-21
Let q(z) = -z**2 - 15*z + 17. What is q(-13)?
43
Let y(j) = -j**3 - 5*j**2 + 3*j + 1. Determine y(-5).
-14
Let v(x) = x**3 + 9*x**2 - 12*x - 28. Calculate v(-10).
-8
Let v(g) = g**3 - 19*g**2 + 31*g - 16. What is v(17)?
-67
Let c(r) = r**2 + 4*r + 1. What is c(-3)?
-2
Let a(o) = 3*o**2 - 11*o + 4. Determine a(4).
8
Let a(z) = z**3 - 5*z**2 - 12*z + 4. Give a(5).
-56
Let b(a) = -a**2 + 13*a - 21. Give b(14).
-35
Let r(k) = -2*k**2 + 19*k - 10. Calculate r(9).
-1
Let f(w) = w**3 - 4*w**2 + w + 10. Determine f(3).
4
Let q(t) = -3*t + 65. Determine q(24).
-7
Let z(q) = 14*q - 78. Calculate z(7).
20
Let r(i) = i**2 + 7*i - 6. What is r(-7)?
-6
Let c(z) = -z**2 - 5*z - 1. Calculate c(-5).
-1
Let z(l) = l**2 - 19*l - 20. What is z(20)?
0
Let l(v) = v**2 + 19*v - 264. What is l(9)?
-12
Let d(j) = 4*j + 16. Determine d(-12).
-32
Let r(f) = -5*f**2 + 2*f - 3. Determine r(1).
-6
Let s(m) = m**3 + 2*m**2 - 4*m + 3. What is s(-4)?
-13
Let f(t) = -t**2 - 10*t - 2. Give f(-8).
14
Let b(v) = 2*v**2 + 38*v - 37. What is b(-20)?
3
Let y(x) = -x**3 - 20*x**2 + 21*x + 7. What is y(-21)?
7
Let s(o) = 5*o - 5. Give s(2).
5
Let v(k) = -k**3 - 7*k**2 - 14*k - 1. Give v(-4).
7
Let k(o) = o**3 + 12*o**2 + 20*o - 18. Determine k(-9).
45
Let u(z) = -z**3 - 6*z**2 - 6*z - 1. Calculate u(-3).
-10
Let g(k) = -k**3 + 3*k**2 + 5*k - 2. What is g(4)?
2
Let v(z) = z**3 + 15*z**2 + z + 12. Give v(-15).
-3
Let h(z) = z + 6. What is h(7)?
13
Let i(l) = l**3 - 4*l**2 - 2*l - 9. Calculate i(5).
6
Let o(q) = -35*q - 136. Calculate o(-4).
4
Let f(j) = j**3 - j**2 - 2*j + 5. What is f(3)?
17
Let f(n) = -n**3 + 17*n**2 - 17*n + 10. Determine f(16).
-6
Let r(c) = c**3 - 3*c**2 - 6*c + 4. What is r(3)?
-14
Let s(o) = 3*o**2 - 28*o + 36. Determine s(10).
56
Let h(b) = -7*b + 3. Determine h(5).
-32
Let m(d) = -d**2 + 9*d - 9. Give m(11).
-31
Let i(v) = -2*v**2 - 10*v - 6. Determine i(-7).
-34
Let l(s) = 2*s - 20. Determine l(-5).
-30
Let j(t) = -13*t + 90. Determine j(8).
-14
Let q(h) = -2*h**2 + 23*h - 16. Give q(9).
29
Let o(v) = -v**2 + 15*v - 55. Give o(9).
-1
Let a(v) = 7*v**3 - 40*v**2 - 11*v - 7. Determine a(6).
-1
Let u(v) = v**3 - 8*v**2 - 6*v - 29. Determine u(9).
-2
Let n(f) = 4*f - 82. Give n(22).
6
Let z(i) = 11*i + 6. What is z(-5)?
-49
Let x(g) = g**3 - 3*g**2 - 8*g + 8. Give x(4).
-8
Let w(h) = -27*h**3 - 3*h**2 - h + 1. Calculate w(-1).
26
Let j(k) = k**2 + 14*k + 28. Give j(-12).
4
Let x(z) = z**3 - z**2 - z + 21. Calculate x(0).
21
Let h(p) = p**2 - 6*p - 2. Give h(7).
5
Let p(o) = o**2 + 4*o - 4. Calculate p(-4).
-4
Let l(p) = -5*p + 3. Give l(3).
-12
Let g(v) = -16*v + 2. Determine g(3).
-46
Let w(x) = x**3 - 24*x**2 + 25*x - 50. Calculate w(23).
-4
Let q(x) = -x + 5. What is q(-12)?
17
Let u(k) = k**3 + 12*k**2 + 11*k - 15. Determine u(-11).
-15
Let n(q) = q**3 - 7*q**2 - 19*q - 13. What is n(9)?
-22
Let i(z) = 5*z**2 + 4*z - 19. What is i(3)?
38
Let f(k) = k**2 + 12*k - 21. Determine f(-13).
-8
Let l(x) = -6*x - 165. Calculate l(-27).
-3
Let k(g) = g**3 - 27*g**2 - 60*g + 58. Determine k(29).
0
Let o(j) = j**2 - j + 5. Give o(4).
17
Let d(p) = -p**3 + 6*p**2 - 5*p - 31. What is d(6)?
-61
Let w(f) = f + 1. Give w(11).
12
Let m(p) = -23*p + 433. Determine m(19).
-4
Let z(i) = i**2 + 22*i + 60. Determine z(-19).
3
Let f(c) = -16*c**2. Give f(1).
-16
Let h(g) = -15*g - 15. What is h(-13)?
180
Let c(j) = 2*j**2 - 11*j + 17. Calculate c(8).
57
Let c(f) = -6*f**2 - 6*f - 1. Determine c(2).
-37
Let q(y) = -2*y + 1. What is q(5)?
-9
Let h(l) = 4*l - 35. What is h(12)?
13
Let a(w) = -w**2 - 2*w + 6. Calculate a(2).
-2
Let b(h) = 8*h**2 + 2*h - 3. Calculate b(-3).
63
Let y(k) = -2*k**2 + 40*k - 72. Calculate y(18).
0
Let z(a) = 41*a + 1151. Give z(-28).
3
Let r(x) = -x**3 - 6*x**2 - 9*x - 31. Determine r(-8).
169
Let x(a) = a**2 - 22*a + 83. What is x(4)?
11
Let f(y) = y**2 + 14*y + 8. Calculate f(-13).
-5
Let f(y) = y**3 - 17*y**2 + 18*y - 29. What is f(16)?
3
Let q(x) = 21*x - 44. Give q(2).
-2
Let k(v) = -v**3 + 5*v - 4. What is k(3)?
-16
Let u(i) = i**3 - 6*i**2 - 36*i + 214. Give u(6).
-2
Let u(h) = 3*h - 7. Give u(1).
-4
Let i(x) = -8*x + 2. Determine i(-2).
18
Let s(n) = 2*n + 17. Calculate s(-3).
11
Let p(o) = o**2 + 8*o + 8. Determine p(-8).
8
Let u(k) = -k**3 + 4*k**2 - k + 6. Calculate u(5).
-24
Let v(r) = r**2 - 9*r + 12. Calculate v(10